*l + i*f, 88 = 2*l - 2*f. What is the remainder when 92 is divided by l?
44
Let t(i) = i**2 - 71*i + 410. What is the remainder when 499 is divided by t(6)?
19
Let o be (-3)/(((-105)/(-224))/(-5)). Calculate the remainder when o + -7 + (4 - 4) is divided by (6/5)/(2/15).
7
Let t(h) = 218*h - 59. Let r(p) = 221*p - 60. Let u(c) = -2*r(c) + 3*t(c). Calculate the remainder when u(4) is divided by 88.
87
Let i(k) = -20*k**3 + 2*k + 1. Let o be i(-1). Let w = o + 5. Let b = w - 6. What is the remainder when 48 is divided by b?
12
Let f(x) = -293*x + 7373. Suppose 0 = 3*d - 21 - 18. What is the remainder when f(25) is divided by d?
9
Suppose -25 = -102*p + 107*p, -5*u = 2*p - 10. Suppose v = -u*w + 29, -73 = -9*v + 4*v - 2*w. What is the remainder when 116 is divided by v?
12
Let b(d) = 48*d + 13. Let m be b(4). Let r = m + -179. What is the remainder when 49 is divided by r?
23
Suppose 9*l = 978 + 588. Suppose z + l = -z. Let h = 111 + z. What is the remainder when h is divided by 18?
6
Let c = -25 - -33. Let i = 8 - c. Suppose 3*h - 99 + 3 = i. Calculate the remainder when 92 is divided by h.
28
Suppose 58*z = 3067 - 109. What is the remainder when 527 is divided by z?
17
Let f = 55 - 53. Let k(r) = -2*r + 251*r**f - 254*r**2 + 3*r + 2*r**3 - 7. What is the remainder when 44 is divided by k(3)?
21
Let y be 2*24/32*(-284)/(-6). Suppose -3*u = -2*t - 439, -3*t - 66 - y = -u. Calculate the remainder when u is divided by 8.
5
Let w = 7 - 4. Suppose -2*x - 5*s + s - 6 = 0, 2*x = -3*s - w. Suppose 4*t - 5*h = 136, x*t + h = 6 + 77. Calculate the remainder when 115 is divided by t.
28
Let q(k) = 3*k**3 + 4*k**2 - 5*k + 3. What is the remainder when q(5) is divided by 63?
12
Suppose 0 = -11*p + 123 + 64. Suppose -7*m + 11*m - 3*d = 482, d + 364 = 3*m. Calculate the remainder when m is divided by p.
3
Suppose 2*c = -2*c - 2*t + 12, 5*t = -20. Suppose -3*m + c*g = -140, -5*m - g + 2*g + 270 = 0. Calculate the remainder when 1460/44 - 10/m is divided by 7.
5
Let x be (-5*(-24)/(-160))/(1/(-4)). Calculate the remainder when x/9 + (-354)/(-18) is divided by 11.
9
Let a(v) = -v**2 - 15*v + 503. Let z be ((-20)/6)/((-26)/39). What is the remainder when (-6)/15 + 102/z is divided by a(-31)?
6
Suppose 441 = 5*m - 944. Let y = -247 + m. Let a = -2 + 16. Calculate the remainder when y is divided by a.
2
Let z(v) = v**2 + 18*v + 8. Let n be z(-18). Let j(x) = x**3 - 7*x**2 - 10*x + 4. Let k be j(n). What is the remainder when 36 is divided by (-3)/((-12)/4) - k?
10
Let c = 319 - 263. Let r = c - 43. Calculate the remainder when 69 is divided by r.
4
Let w(a) = a**2 - a + 3. Let c be w(0). Suppose -i - 3*s = -74, 2*i - c*s - 116 = -s. Let h = 112 - i. What is the remainder when h is divided by 13?
11
Suppose 0 = 3*t + 5*d + 1 + 72, 53 = -3*t - d. Calculate the remainder when 46 is divided by (t/(-36))/(2/45).
6
Let f(v) = v**3 + 7*v**2 + 4*v - 14. Let l be f(-6). What is the remainder when 38 is divided by (l - 12/(-5))*55?
16
Let b = -26 + 40. Let z be (-1 - (-1 - 1))*(3 - -4). Calculate the remainder when b is divided by z/(5 - 5 - 2 - -3).
0
Let t = -3 - -5. What is the remainder when ((-810)/12)/(-3) - (-693)/(-126) is divided by t?
1
Let w(l) = 2*l**3 + 10*l**2 - 11. Let m be w(-7). Let h = m - -239. What is the remainder when h is divided by (-135)/(-12) - (-2)/(-8)?
10
Let a = 80 + -77. Suppose -a*y + 2*y + 22 = 0. Let z(g) = g + 108. What is the remainder when z(0) is divided by y?
20
Calculate the remainder when 499 is divided by 1/8 - (-2 - 2078/16).
103
Suppose -8*j = 82 + 134. Let d(p) = 6*p**2 - 3*p - 4. Let x be d(-3). Let m = j + x. Calculate the remainder when m is divided by 9.
5
Suppose 0 = 2*o - 3*l - 24746 - 17449, 5*o - l = 105442. What is the remainder when o is divided by 114?
111
Suppose -5*y + w = -605, -2*y + 493 = 2*y + w. Suppose -3*m + 89 = -1. What is the remainder when (-4 - 2 - -3) + y is divided by m?
29
Let n(j) = j**3 - 27*j**2 + 30*j + 18. What is the remainder when 316 is divided by n(26)?
72
Suppose 3*r - r - 72 = -2*b, 3*b = -3. Calculate the remainder when r is divided by 62/3 + 63/27.
14
Let o(n) = 22*n**3 - 2*n**2 - 8*n + 11. Let r = 124 + -123. Let i(q) = -2*q**3 - 7*q**2 + 4*q + 4. What is the remainder when i(-6) is divided by o(r)?
22
Suppose 165*u = 554 + 5072 + 3449. Calculate the remainder when 976 is divided by u.
41
Suppose -5*q - 4*c + 2238 = 0, -9*q + 902 = -7*q + 5*c. What is the remainder when q is divided by 9?
5
Let c(y) = -30*y - 31. Let t(m) = m**3 + 9*m**2 - 5*m + 36. Let g be t(-10). Calculate the remainder when c(g) is divided by 33.
26
Let l = -65 + 410. What is the remainder when ((-20)/60)/((-1)/l) is divided by 39?
37
Let c = 4 + -2. Let z = 38 - 30. Suppose 2*i - 3 = -3*s + z, 0 = -2*i + c. Calculate the remainder when s is divided by 3.
0
Let q = -11504 + 20901. What is the remainder when q is divided by 127?
126
Suppose 3*x + 215 = 5*v + 60, -v - 3*x = -31. Let w(m) = 2*m - 55. Calculate the remainder when 4/(-10) - 351/(-15) is divided by w(v).
2
Suppose -5*b - 3*r = -51 - 38, -4*r = -12. Let i = b - 11. Suppose 5*a - 33 = 5*f + 52, 2*a + 2*f = 14. What is the remainder when a is divided by i?
2
Let g(t) = -t**3 - t**2 + t + 2. Let h be g(-1). Let w be (5/(-2) + h)/(15/(-20)). Calculate the remainder when ((-19)/w)/((-2)/8) is divided by 8.
6
Suppose -372*v + 190*v + 60970 = 0. What is the remainder when 677 is divided by v?
7
Suppose 0 = -h - 3, -3*h = 5*d - 2*h - 1082. Suppose -92 + 252 + 880 = 104*q. What is the remainder when d is divided by q?
7
Suppose 5*c = 2*t - t - 1, 0 = -4*c + 4*t + 12. Let f be (-324)/24*4/(-3). Let i = c + f. What is the remainder when 32 is divided by i?
15
Let s = 661 - 1148. Let x = 514 + s. Calculate the remainder when 155 is divided by x.
20
Suppose 1878 = 58*k - 52*k. Suppose -k = -4*c - 253. Calculate the remainder when c is divided by 10.
5
Suppose 4*h = 11*h - 3*h. Suppose -2*g - d + 47 = h, d - 12 = -3*d. Calculate the remainder when 71 is divided by g.
5
Let v(p) = p**2 + p. Let m be v(5). Suppose 0*o + m = o. What is the remainder when o is divided by ((-176)/(-33))/(8/24)?
14
Let u = 1083 - 809. Let p = u - -26. What is the remainder when p is divided by 101?
98
Let m(p) be the second derivative of -p**4/6 + 5*p**3/6 + 15*p**2/2 - 33*p. Let b be m(-6). Let w = -32 - b. What is the remainder when w is divided by 19?
17
Let s be 2/(1/10*-1). Calculate the remainder when 97 is divided by 2/(-3 + (-62)/s).
17
Let h = -14486 - -15416. What is the remainder when h is divided by 94?
84
Let x be 4/(-10) + 972/5. Suppose 70*f = 74*f + 3*a - 35, a - 20 = -3*f. Suppose -f*m + x = -406. What is the remainder when m is divided by 41?
38
Let p(g) = -g**2 + 75*g - 649. Let t = -140 - -169. Calculate the remainder when p(11) is divided by t.
26
Suppose -4*j = -2*w - 4, 5*j - 2 = w + 6. Suppose -6*c + 120 = w*c. Calculate the remainder when ((-186)/c)/(32/(-10) + 3) is divided by 32.
30
Let t(n) = 4*n + 29. Let w(f) = -71*f**3 + 2*f**2 + 4*f + 3. Calculate the remainder when w(-1) is divided by t(-1).
22
Let q(c) = 12*c**2 + c - 4. Let p be q(4). Suppose -9*l = -15*l + p. What is the remainder when l is divided by 5*4/10 - -20?
10
Suppose -2*u + 434 = 5*w - 116, 3*w - u - 341 = 0. Calculate the remainder when 432 is divided by w.
96
Suppose 6 = 2*u, -3*j + 24 = -6*u + 3*u. Calculate the remainder when 2659 is divided by j.
8
Let r = -35 + 49. Suppose -3*u - 1045 = 2*w - w, -u = 5. Let g = -963 - w. What is the remainder when g is divided by r?
11
Suppose -15648 = -30*l + 26*l. What is the remainder when (3 - l/40)/(1/(-5)) is divided by 53?
50
Let x = 31 + -17. What is the remainder when (-128)/(-20) + -6 - 1032/(-20) is divided by x?
10
Suppose -2*v - 27 = -71. Calculate the remainder when v is divided by 1/(54/366) - (-8)/36.
1
Suppose -2*f - l + 324 = 0, -11 - 137 = -f - 4*l. Suppose 79758*m - 5976 = 79509*m. What is the remainder when f is divided by m?
20
Suppose -2*k + 185 = -k. Let r = -37 + -141. What is the remainder when k is divided by 2 + r/(-4) + (-1)/(-2)?
44
Let x(f) = -f**3 - 19*f**2 - 6*f + 34. What is the remainder when 433 is divided by x(-19)?
137
Let y = 209 - 174. Suppose -75 + y = -c. What is the remainder when c is divided by 23?
17
Let g(n) be 